- 4*m = 0. What is the remainder when 201 is divided by ((-102)/12)/(s - (-10)/12)?
48
Suppose 92 - 377 = -19*y. Let x = 26 - y. Calculate the remainder when 63 + 2 + (1 - 3) is divided by x.
8
Let i = 8303 + 33240. What is the remainder when i is divided by 24?
23
Let b(c) = c**2 + 8*c + 9. Let q be b(-7). Suppose 5*r + 76 = s, -5*s - 214 = -9*s + q*r. What is the remainder when s is divided by 26?
25
Calculate the remainder when ((-144)/14)/((-36)/252) is divided by 25.
22
Suppose -115*x = -5*r - 116*x + 1051, 0 = -5*r + 2*x + 1033. What is the remainder when 3547 is divided by r?
203
Suppose 0 = 3*q - 0 - 120. What is the remainder when q is divided by (15708/42)/17 - 10/2?
6
Let t = -27 + 29. Suppose 0 = -t*g + 47 - 41. Suppose -17 = -g*j - q, 5*j + 6*q - 3*q = 27. Calculate the remainder when 16 is divided by j.
4
Suppose 0 = 4002*z - 3977*z - 4081 - 2644. Calculate the remainder when z is divided by 3.
2
Suppose 62*b = 60*b - z + 390, -957 = -5*b + 2*z. Calculate the remainder when 1342 is divided by b.
184
What is the remainder when (-7 - -6)/(13/(-50999)) is divided by 1301?
20
Let a(u) = -8*u - 32. Let r be a(-5). Let s(t) = t**3 - 5*t**2 - 23*t - 4. Calculate the remainder when s(r) is divided by 4.
0
Suppose 11 = 7*g - 3. Suppose -k - 5*t = -g*t - 20, 0 = -5*t + 20. Suppose -k*d + 64 = 8. What is the remainder when 39 is divided by d?
4
Let k be 14/(-35) + (-4)/(-10). Suppose 0 = y - k*y - 154. Calculate the remainder when y is divided by 13.
11
Suppose -2*z = 1442 - 1496. What is the remainder when 253 is divided by z?
10
Suppose 20*n = 6*n + 9*n. Suppose -50*w + 54*w - 156 = n. Calculate the remainder when 153 is divided by w.
36
Let f = 313 + -22. What is the remainder when f is divided by 37?
32
Suppose 5794*y - 5076 = 5686*y. What is the remainder when 890 is divided by y?
44
What is the remainder when 430 is divided by 3*(946/33 - 10/2) - 5?
34
Let z = 5321 + -5292. Calculate the remainder when 328 is divided by z.
9
Suppose -77 = -5*d + 18. Let l(j) = 11*j - 104. Let g(o) = -3*o + 49. Let f be g(13). Calculate the remainder when d is divided by l(f).
1
Suppose 46 = -5*n + 216. Let s = n + -28. What is the remainder when 12 is divided by 20/s + (-10)/(-15)?
0
Suppose -9 - 14 = l - y, 0 = y - 5. Let q = l + 22. Calculate the remainder when (0 - -10)*6/q is divided by 6.
3
Suppose 0 = -16*a - 13*a + 87. Let v = 0 + 0. Let t = 1 + v. Calculate the remainder when a is divided by t.
0
Let h(b) = 5*b**2 - b. Let c(d) = -d**2 - 10*d + 7840. Calculate the remainder when c(83) is divided by h(2).
13
Suppose -2*n = 0, 4*h - 2*n - n = 56. Suppose 9*c - 9*c - 119 = -17*c. Calculate the remainder when h is divided by c.
0
Let s = 7137 - 7098. Calculate the remainder when 90 is divided by s.
12
Let v be 90/60 + 31/2. Suppose v*c = -5*c + 1518. What is the remainder when c is divided by 29?
11
Calculate the remainder when -65*(1592/(-45) - (-12 - 990/(-81))) is divided by 1152.
10
Suppose -388*d + 10 = 3*l - 393*d, 3*l - 7*d - 8 = 0. What is the remainder when 30 is divided by l?
0
Suppose -2*w = -21*w + 3458. Suppose 0 = -14*t + 7*t + w. Suppose -3*o + 2*d = 6*d - 304, 198 = 2*o - 2*d. What is the remainder when o is divided by t?
22
Let l = -9 + 11. Suppose -28*m - 57*x = -62*x - 226, -3*m - x + 15 = 0. Calculate the remainder when m is divided by l.
1
Let i(h) = 94*h + 82. Let s be i(18). Suppose 14*d - 760 = s. What is the remainder when d is divided by 11?
5
Let f = 24 + 19. Calculate the remainder when 292 is divided by f.
34
Let z(h) = -h**3 - 17*h**2 - 5*h - 18. Let s be z(-7). Let d = -460 - s. What is the remainder when 89 is divided by d?
11
Calculate the remainder when (-1)/5*(-13 - (9 + 5993)) is divided by 149.
11
Suppose 5*r + m = 20426, -16*m = -r - 18*m + 4087. What is the remainder when r is divided by 21?
11
Suppose -190 = 1648*t - 1649*t. Calculate the remainder when t is divided by 26.
8
Let w = -21202 - -23864. What is the remainder when w is divided by 527?
27
Let l(y) = y**3 - 15*y**2 + 39*y + 3. What is the remainder when 1051 is divided by l(12)?
37
Suppose 5*j + 9*j + 3612 = 0. Let w = j - -273. Calculate the remainder when 40 is divided by w.
10
Let r be (-7)/(147/6) + 30797/161. Suppose 2*d + 2*y - 86 = 0, y - 14 = 4*d - r. What is the remainder when 615 is divided by d?
43
Suppose 133 = u - 125. What is the remainder when u is divided by (18 + (-2 - 19))/((-3)/26)?
24
Let t(f) = -21*f + 1. Suppose -11 = -x - 4*y + 1, 5*x + 4*y - 60 = 0. Suppose 119 = x*v - 13. What is the remainder when t(-3) is divided by v?
9
Suppose -a = -3*x + 4*x - 248, x - 268 = 3*a. Suppose 0*m + 11*m - x = 0. What is the remainder when 68 is divided by m?
22
Suppose p + 5 = -2*y - 5, 0 = -4*y + 2*p - 20. Let x(s) = s**3 + 7*s**2 + 12*s + 21. Calculate the remainder when 129 is divided by x(y).
8
Let m(w) = -8*w**2 - 38*w - 8. What is the remainder when 1550 is divided by m(-4)?
14
Let k = 410 + -411. Calculate the remainder when 262 is divided by (0 - (k - -3))*106/(-4).
50
Let z(v) = 207*v + 10. Let q be z(2). Suppose 5*t = 2*t - 5*k + 242, -5*t + q = -2*k. Calculate the remainder when t is divided by 16.
4
Suppose -11*b + 66 = -12*b. Let s(u) = -93*u**2 + 2*u + 1. Let q be s(-1). Let y = b - q. Calculate the remainder when 165 is divided by y.
25
Calculate the remainder when 44/((-120)/(-88) - 1) is divided by 77.
44
Suppose -p = -3*m - 278, 5*p - 3*m + 38 - 1368 = 0. Calculate the remainder when p is divided by 69.
56
Let s = 110 + -108. Let q be ((-5)/s - -2)/(2/(-20)). Suppose g + 5*y + 18 = 49, -5*g + 35 = -q*y. What is the remainder when 43 is divided by g?
10
Suppose 181*s = 371 + 172. Calculate the remainder when s is divided by 0 - 1/((-2)/4).
1
Let w = -886 - -1637. Suppose w = 7*h - 369. Calculate the remainder when h is divided by 18.
16
What is the remainder when (-6 - 441/(-14))*(3 - (-129)/9) is divided by 52?
26
Suppose 0 = -23*l + 267575 - 25454. Calculate the remainder when l is divided by 65.
62
Suppose -2520 = 161*i - 245*i. What is the remainder when 92 is divided by i?
2
Let i(k) = -k**2 + 15*k - 49. Let o be i(4). What is the remainder when 224*(o - (-88)/16) is divided by 38?
36
Suppose -3*f + 5*o = -2006, 4*o = -3*f - 1039 + 3090. What is the remainder when 2032 is divided by f?
1
Suppose y - 10 = 216. Suppose -366 + y = -7*h. Calculate the remainder when 217 is divided by h.
17
Calculate the remainder when ((-392)/14 + 4)/(-2) is divided by (7 + -2 + -1)/2.
0
Let j = 31 + -7. Let a(q) = 4*q - 12. Let s be a(4). Suppose s*w = -4*b + 264, 0 = 2*b + 9*w - 5*w - 122. What is the remainder when b is divided by j?
23
Let m(x) be the third derivative of -3*x**4/8 - 5*x**3/6 + 33*x**2 - 2*x. Let p(z) = 3*z - 10. What is the remainder when m(-8) is divided by p(9)?
16
Suppose -46*h - 12152 = 25*h - 102*h. Calculate the remainder when h is divided by 386.
6
Let a(g) = 39*g. Calculate the remainder when a(1) is divided by 1104/1380*(-45)/(-4).
3
Let j(u) = -9*u**3 + u**2 + 14*u + 28. Let s(p) = 2*p - 2. Calculate the remainder when j(-3) is divided by s(13).
22
Suppose -3*y + 10 = 2*z, -4 = 3*z - 15*y + 10*y. Suppose -z*f - 9*f = -418. What is the remainder when f is divided by 7?
3
Let q = 209 - 201. Suppose 19*g - q*g = 3795. What is the remainder when g is divided by 12?
9
Calculate the remainder when 8/((-275937)/25099 + 11) is divided by 330.
1
Let v be (-714)/(-4 + (-3 - -6)). Let r = v - 661. What is the remainder when r is divided by 23?
7
Let s(n) = 308*n - 2783. What is the remainder when s(10) is divided by 282?
15
Suppose 0*i + i - 133 = 0. What is the remainder when i is divided by 64*(378/56)/9?
37
Suppose -h + 68*m + 18 = 73*m, 2*h - 6*m = 132. What is the remainder when 241 is divided by h?
1
Let x(u) = 2*u**3 - 6*u. Let w = 1 - 4. Let k be x(w). Calculate the remainder when 10 is divided by (1/3)/((-218)/k + -6).
4
Suppose -8*h + 5*i = -3*h + 10, -h - 3*i = 14. What is the remainder when 2920/100 + 1/h is divided by 8?
5
Suppose -6*y - 28 = -100. Suppose o = 2*j + 7, 2*o + 4*j = 2*j + 2. What is the remainder when (2 - o)*(3 - 4)*30 is divided by y?
6
Suppose a - 424 = -7*a. Let l = 53 - a. Suppose -6*m = 3*i - 3*m - 45, -i - 4*m + 27 = l. Calculate the remainder when 19 is divided by i.
8
Calculate 